 v - 55*c. Determine a(-11).
2
Let i(l) = l**2 + 5*l - 6. Suppose u + 4 = -4*q, 57*q + 16 = 53*q - 4*u. What is i(q)?
-6
Let i(x) = x**3 - 250*x**2 + 521*x**2 - 266*x**2 - 13 - 11*x. Give i(-7).
-34
Let b be (25/(-27) - -1) + (-3542)/(-297). Let o(x) = -x**3 + 13*x**2 - 7*x - 59. Give o(b).
1
Let y(b) be the first derivative of 91 - 7*b**2 + 10*b + 1/3*b**3. Determine y(11).
-23
Let l(g) = -22*g**3 + 5*g**2 - g - 4. Let h(y) = 17*y**3 - 4*y**2 + y + 3. Let c(b) = 5*h(b) + 4*l(b). Calculate c(1).
-3
Suppose -4*h - 168*t - 101 = -173*t, t - 17 = 4*h. Let v(a) = -2*a - 7. Let o(u) = 3*u + 10. Let r(p) = -5*o(p) - 7*v(p). Calculate r(h).
-2
Let o = 763 + -756. Let f(a) = 13 - 4*a + 4*a**2 - 3*a**2 - 7*a**2 - 7*a + o*a**2. Give f(8).
-11
Let y(p) = 17*p - 15. Let v(r) = r**3 - 99*r**2 + 1457*r + 84. Let k be v(81). Calculate y(k).
36
Let v(s) = 13*s**2 - 3*s - 19. Let h(q) = 17*q**2 - 4*q - 21. Let c(n) = -3*h(n) + 4*v(n). Calculate c(10).
87
Let q(g) be the third derivative of -g**6/120 + 4*g**5/15 - g**4/6 + 9*g**3 - 546*g**2. Calculate q(16).
-10
Let l(j) = -13*j + 1. Let v = 452 + -209. Let o = -244 + v. Determine l(o).
14
Let n(m) = m - 15. Let j(r) = 3*r - 31. Let z(y) = -2*j(y) + 5*n(y). Let x(d) = -d - 11. Let t(f) = 5*x(f) - 4*z(f). Suppose -8 - 17 = -5*v. Give t(v).
-8
Let r be 4 + 0 + (1/2)/((-21)/(-42)). Let j(l) = l**3 - 6*l**2 - 4*l + 38. What is j(r)?
-7
Let k(u) = 8*u**2 - 30552*u - 4*u**3 + 5*u**3 - 12*u**2 + 30514*u - 12*u**2 + 30. Determine k(18).
-6
Let w(m) = -11*m + 22. Let i be w(3). Let z(t) = -46*t - 5. Let b(l) = 25*l + 2. Let d(v) = i*b(v) - 6*z(v). Give d(0).
8
Suppose 3693 + 149 = 34*s. Suppose -14*r = 99 - s. Let c(l) be the third derivative of l**5/12 - l**4/12 + l**3/6 + 2*l**2. Determine c(r).
4
Let s(x) = -2*x**3 + 34*x**2 + 34*x + 32. Let w = -17885 + 17903. What is s(w)?
-4
Let w(q) be the third derivative of q**6/120 - q**5/10 + q**4/2 - 4*q**3/3 + 4*q**2 + 181. Give w(4).
8
Let l(h) = -3*h - 33. Let i(n) = -8*n - 100. Let f(y) = 5*i(y) - 14*l(y). Let o be f(20). Suppose -o*c = -0*c. Let g(m) = m**2 - m - 7. Calculate g(c).
-7
Let n = -15 + -57. Let j = -67 - n. Let k(t) = t**2 + 2*t - 4*t - 4 - 1 + t. Calculate k(j).
15
Suppose -5*h + 2*p - 7*p = -10, 2*p + 14 = 4*h. Suppose -1 + 7 = h*f. Let x(z) = -55 + 7*z + 2*z**f + z**3 + 59 + 5*z**2. Give x(-6).
-2
Suppose -3*g - 67 = -4*a, a = 4*a + g - 47. Suppose -s + 85 = a*s. Let o(f) = f**2 - 9*f - 4. What is o(s)?
-24
Let c(w) be the third derivative of 0*w + 1/6*w**3 + 1/6*w**4 - 1/120*w**6 - 2*w**2 + 1/15*w**5 + 0. Suppose -1095 = -484*l + 43*l + 669. Calculate c(l).
17
Let z(p) = -88*p - 69. Let x(a) = -22*a - 18. Let i(w) = 11*x(w) - 3*z(w). What is i(4)?
97
Let p = -236 + 238. Let d(f) = 0*f**3 + 1 + 3*f**p - 9*f + 10*f - f**3 + 3. Calculate d(4).
-8
Let g(z) = 2*z**2 + 47*z + 74. Let u(r) = -r**3 + 33*r**2 - 63*r + 9. Let f be u(31). What is g(f)?
8
Let a(w) = 2 - 2*w**2 - 5*w**2 - 305*w**3 + 306*w**3 - 6*w**2 + 56*w - 2*w**2. Calculate a(7).
2
Let h = 59 + -65. Let k be 11/((-88)/59) + h/(-16). Let n(l) = 2*l + 6. Determine n(k).
-8
Suppose -4*r - 4*p = -44, -3*r + 2*p + 2*p = 2. Let s(l) = l**3 - 4*l**2 - 11*l + 7. Calculate s(r).
13
Let i(b) = 7*b - 42*b + 14*b + 9*b + 17*b + 32. What is i(-8)?
-8
Let p(q) = -361*q - 366*q - 376*q - 109 + 1089*q. Calculate p(-8).
3
Suppose 51 = h - 5*y, -2*h + y = -78 - 6. Let q = 38 + h. Let x(u) = -5*u + 159 - u**2 - 75 - q. Determine x(-5).
5
Let d(f) be the second derivative of f**5/20 + 2*f**4/3 + f**3/6 - 63*f**2/2 + 3760*f. Give d(-6).
3
Let j(f) be the first derivative of f**3/2 - f**2 + 188*f - 119. Let q(t) be the first derivative of j(t). Give q(-5).
-17
Suppose -766 = -4*h + 26. Let j be ((-2)/(-7))/(-2) - h/(-14). Let c(a) = -a**3 + 13*a**2 + 14*a + 6. Give c(j).
6
Let g(z) = z**3 - 15*z**2 + 15*z - 8. Suppose -99 = -9*a - 72. Suppose 2*v - 38 = -3*w, -5*w + 34 = -a*v - 42. Calculate g(w).
6
Suppose 103 = 6*g + 91. Let o(a) = -12*a**2 - a - 9. Let f(u) = 6*u**2 + 4. Let c(q) = q - 9. Let v be c(14). Let i(m) = v*f(m) + 2*o(m). Give i(g).
22
Let u(m) be the second derivative of 11*m**3/6 + 329*m**2/2 - 53*m - 10. What is u(-30)?
-1
Let d = 26 + -26. Suppose d = -8*t + 439 - 143. Let u = -35 + t. Let y(j) = 6*j**2 - 2*j. Determine y(u).
20
Let d be 3/2*(-20)/(-15). Let f(t) = -6 + 7 + d - 2 - t**2 + 9*t. Give f(9).
1
Let q(c) = 5*c**2 - 3*c + 31. Let h(t) = 28*t**2 - 16*t + 159. Let o(d) = -2*h(d) + 11*q(d). Calculate o(4).
3
Let r(l) = -2*l + 73. Let t = -12985 + 13004. Determine r(t).
35
Let r(z) be the first derivative of 1/3*z**3 + 13/2*z**2 - 42 + 10*z. What is r(-8)?
-30
Let b = 80 + -61. Suppose 18*y - b*y + 7 = 0. Let c(g) be the second derivative of -g**3/3 + 9*g**2/2 - 3*g. Calculate c(y).
-5
Let b be (-75)/(-50) + (-1)/(-2)*-1. Let h(w) be the first derivative of -w**4/3 - w**3/6 - 5*w**2/2 + 4. Let i(m) be the second derivative of h(m). Give i(b).
-9
Let j(y) = -4*y**2 + 6*y - 6. Let d(h) = 7*h**2 - 11*h + 12. Let a(b) = 3*d(b) + 5*j(b). Let p be (-1*(-2)/6*3)/((-263)/(-1052)). Calculate a(p).
10
Let r(c) = -23*c**3 + c**2. Let b be r(-1). Suppose 4 + b = -4*v. Let z(q) = -q**2 - 8*q - 9. Give z(v).
-2
Suppose 21 = 3*k, -4*k - 32 = 2*o - 8*k. Let u(f) = -2*f**3 - 4*f**2 + 4*f + 15. What is u(o)?
7
Let g(p) = -p**3 - 7*p**2 + 10*p + 8. Suppose 0 = -226*y - 1120 - 688. Give g(y).
-8
Let r(z) = -z**2 - 9*z - 5. Let n(a) = 1. Let c(m) = 4*n(m) - r(m). Let o = 26089 + -26097. Give c(o).
1
Let y(r) = -r**3 - 4*r**2 - 12*r - 2. Let j be y(-2). Let f(c) = c**3 + 14 - 3*c**2 - 25 + j + 4*c**2. Suppose 4*m + 9 = 4*g + m, 4*g + 9 = -3*m. What is f(g)?
3
Let p(k) = -30*k**2 - 19*k - 4*k**3 + 28*k - 10*k + 10 + 6*k**3. What is p(15)?
-5
Suppose s + 8 = -j, -2*j + 13*s - 51 = 10*s. Let v(r) = -2*r - 25. Determine v(j).
5
Suppose 59*c + 65 = 6. Let h(v) = -19*v**3 - v**2 - 3*v. Give h(c).
21
Let y(j) = -5922*j**3 + 11847*j**3 - 2*j - 5926*j**3 + 3*j**2 - 24. Calculate y(0).
-24
Let b(y) be the third derivative of -y**6/120 - y**4/24 - 5*y**3/6 + 3*y**2. Let x(h) = -174*h - 10788. Let d be x(-62). What is b(d)?
-5
Let p(f) be the second derivative of f**5/20 + 7*f**4/12 + 11*f**3/6 + f**2 - 494*f. Calculate p(-5).
-3
Let v = 11184 + -11192. Let i(t) = t**2 + 3*t - 3. Calculate i(v).
37
Suppose 4*f - 25 = -f. Suppose -4*l + q + 24 = 0, f*l + 9*q - 4*q = 55. Let i(c) = c - 11 - l + 16. Determine i(-7).
-9
Let d(i) = 16 - 218*i + 219*i - 3. Suppose -33 = 4*h - 5*v, 3*h - 2*v = 4 - 27. What is d(h)?
6
Let p = 171 + -166. Suppose -2*w + g + 30 = 3*g, 0 = 5*w - 3*g - 75. Let t(b) = -p*b - w*b + 1 + 36*b - 6*b + b**2. Calculate t(-4).
-23
Let x(m) = -m**2 - 9*m - 4. Let s = 28 - 25. Let o(z) = 11*z + 1 - 9*z**2 - 4*z - 11*z**s + 12*z**3 + 6*z. Let b be o(7). Give x(b).
14
Suppose 36 = 5*y + 4*i, 185*y + 5*i - 12 = 187*y. Let c(v) = -11*v**2 + 43*v + 4. Determine c(y).
0
Let g(f) = -f**2 - 30*f - 39. Let w(j) = -j**2 + 4*j + 16. Let c be w(9). What is g(c)?
-10
Suppose 0 = 2*k + 2*j + 14, 94*j - 90*j = 4. Let y(i) = i**3 + 9*i**2 + 10*i + 12. Calculate y(k).
-4
Let t(g) = 9*g - 1. Let v(q) = 16*q + 2. Let z(r) = -2*t(r) + v(r). Let o(u) = u - 8. Let n be o(8). Determine z(n).
4
Let r = 35 + -32. Let v be (-696)/16*(-4)/r. Let d(b) = -27*b + v*b - 21*b. Determine d(1).
10
Suppose 50 = -2*u + 4*u. Suppose u*x + 0 = -0. Let d(j) = j**2 + 17. Determine d(x).
17
Let u = -1248 + 1243. Let h(z) be the third derivative of z**4/6 - z**3/3 - 14*z**2. What is h(u)?
-22
Let m(q) = -142*q + 2557. Let g be m(18). Let a(u) = -u**2 - 11*u + 9. Calculate a(g).
-3
Let h(t) = 35*t**2 + 4*t - 1. Let s be h(1). Let x(c) = 13 - s + 9 + c. Determine x(11).
-5
Let a(j) = 7*j - 37. Let q(m) = 56*m - 299. Let c(o) = -17*a(o) + 2*q(o). Calculate c(10).
-39
Let k = 10175 + -10175. Let s(p) = -p**2 + 2*p - 15. Determine s(k).
-15
Let q(u) = 4*u**3 + 27*u**2 - 6*u - 3. Let r(b) = 3*b**3 + 20*b**2 - 5*b - 2. Let m(k) = -7*q(k) + 9*r(k). What is m(-9)?
30
Let o(w) = -w**2 + 37*w - 52. Let m be o(22). Let r = 273 - m. Let n(z) = -2*z. Calculate n(r).
10
Let f(j) = 5*j**3 + 104*j - 51*j - 54*j. Let m(z) = -z**2 + 5*z + 7. Let y be m(6). Give f(y).
4
Let h = -16 - -13. Let q(w) be the first derivative of w**2/2 + 7*w + 269. Give q(h).
4
Suppose 20 = -24